 Suppose -a = 2 - 6. Suppose a*h = 2*d - o*d + 78, 0 = 4*h - 3*d - 66. What is the units digit of h?
8
Let u(d) = 2*d**2 - 14*d + 25. Let k be u(2). Let n(h) be the first derivative of -h**4/4 + 2*h**3 + 3*h**2 - 8*h + 1. What is the tens digit of n(k)?
4
Suppose 68*n = 58*n + 6770. What is the tens digit of n?
7
Let t(n) = -n - 11. Let g be t(-7). Let p be (64/20 - g)*5. Let y = p - 26. What is the units digit of y?
0
Suppose -800 = 20*r - 28*r. What is the tens digit of r?
0
Let n(r) = -3*r**3 - 54*r**2 + r + 22. What is the tens digit of n(-19)?
8
Let d = -89 - -159. What is the tens digit of (d/15)/(2/24)?
5
Suppose 0 = -3*g - 2*p - 3*p - 15, 5*p + 15 = 0. Suppose g = y + 2 - 5. Suppose t + 3*i - 21 = 23, -5*t - y*i = -196. What is the units digit of t?
8
Let p(r) = -39*r - 17. Let d(l) = 8 - 13*l - 3 - 11. Let f(q) = -11*d(q) + 4*p(q). What is the units digit of f(-2)?
4
Suppose -5*n + 79 = 4*v - 136, -4*v - 3*n = -209. What is the units digit of v?
0
Let p(a) = 148*a + 3. Let f be p(2). What is the units digit of 36/(-96) - f/(-8)?
7
Let f = 149 - 84. Suppose d - f = 4*x, 4*x = 3*x + 1. Suppose d - 217 = -4*b. What is the tens digit of b?
3
Let w(q) be the third derivative of 1/2*q**3 - 2*q**2 + 0*q - 3/8*q**4 + 0 + 1/30*q**5. What is the tens digit of w(7)?
3
Let l(n) = 6*n**2 + 2*n - 2. Suppose 0 = 5*z + 6 + 19. Let k be l(z). Suppose -2*s + s + 53 = 4*h, 3*s = -5*h + k. What is the tens digit of s?
4
Let f be (-2)/(-8)*4*149. Let v = f + -93. What is the units digit of v?
6
Suppose -5 = -w - 9, -3*j + 53 = w. Let d = -1 + 8. Suppose i + j = -2*r + 6*i, 0 = 4*r - i - d. What is the units digit of r?
3
Suppose -u = 15 - 4. Let v(g) = -2*g - 31. Let d be v(-16). What is the units digit of u/(1/(d - 2))?
1
Suppose 20 = -4*n - 4*p, n + 0 + 9 = -3*p. Let g = 20 + n. Suppose v - g - 18 = 0. What is the tens digit of v?
3
Let n be 8/(-4) - (-3 - 135). Suppose 4*v + 683 = 5*u, -5*v = 2*u - n - 124. What is the units digit of u?
5
Suppose 15 - 3 = -3*z, -1856 = -5*h - z. What is the hundreds digit of h?
3
Suppose 0 = 5*s - i - 27, 4*s - 5*i = 3*s + 15. Let m(d) = -5*d**3 - s*d**3 + 2*d**3 - 6 - 4*d**2 - 4*d + 6*d**3. What is the units digit of m(-3)?
4
Suppose -205 - 266 = -3*c. Let y = c + -97. What is the tens digit of y?
6
Let g = 60 - 64. What is the units digit of 19/(931/(-504))*42/g?
8
Let h(x) = 11*x**2 + 10*x + 44. What is the units digit of h(10)?
4
Let b(m) = 6*m + 3. Let y(q) = 5*q + 3. Let o(a) = 6*b(a) - 7*y(a). Let d be o(6). What is the units digit of d*3*(-10)/(-18)?
5
Let l = -46 + 12. Let m = 40 - l. Let q = m + -42. What is the tens digit of q?
3
Suppose -5 - 13 = -3*u. Suppose u*x - 545 = 277. What is the tens digit of x?
3
Let b(o) = -2*o**3 + 59*o**2 - 30*o + 49. What is the units digit of b(29)?
0
Suppose 3*h = -2*b - 4, -5*b + 2 = 3*h + 21. Suppose 325 = 2*j + z, -3*j - h*z + 489 = -z. What is the units digit of j?
4
Let h(z) = -7*z**3 - 17*z**2 + 3*z - 23. Let j(n) = -4*n**3 - 8*n**2 + n - 11. Let a(f) = -3*h(f) + 5*j(f). What is the units digit of a(-11)?
8
Suppose 2*p + 5*t - 20 = p, -3*p - 5*t = -20. Let d be (2 - p)/(6/(-2370)). What is the units digit of d/(-50) + 4/(-5)?
5
Let j(t) be the third derivative of -49*t**4/24 - t**3/3 + 2*t**2. Let d be j(-2). Suppose -4*h + 9*h - a - d = 0, 2*h = 5*a + 20. What is the tens digit of h?
2
Suppose 231 = 5*d - 99. Let t = d + 10. What is the tens digit of t?
7
Suppose c = 2*c - 2. Let k(l) = 2*l**2 - 11*l - c + 4*l**3 - 3*l**3 + 6*l**2 - 9. What is the units digit of k(-9)?
7
Suppose -116*h = -102*h - 56. Suppose -5*s = -2*s. Suppose j = 5*d + 23, -2*j + 116 = -s*d + h*d. What is the tens digit of j?
4
Let q be (1 + -2)*(-9 - -9). Suppose q = 3*d - 35 - 1. Let n(j) = -j + 14. What is the units digit of n(d)?
2
Let d = -54 - -220. What is the units digit of d?
6
Let g(l) = -6*l - 3. Let k be g(-4). Let h be (k/(-5))/(2/(-120)). Suppose -5*x - 77 + h = 0. What is the tens digit of x?
3
Let w be -31 - (-2 + (-1)/1). Let o = w - -72. What is the units digit of o?
4
Suppose 0 = 2*v + 2*v - 12. Let c(i) = -i - v - 3*i + i**2 + 2*i + 3*i. What is the units digit of c(-6)?
7
Let z(p) = p - 10. Let i be z(10). Suppose 5*d - b = -90, -4*d + i*b - 72 = -b. What is the units digit of (-90)/8*48/d?
0
Let v = 1341 + 652. What is the thousands digit of v?
1
Suppose 2*r = 6*b - 11*b + 84, -42 = -r + 3*b. What is the tens digit of r?
4
Let u(p) = 6*p + 3. Let h(d) = -7*d - 4. Let z(l) = 5*h(l) + 6*u(l). Let v be z(10). What is the units digit of (-24)/(-9)*102/v?
4
Let v be (1 + -2)/(2/(-412)). Suppose m - 4*o = o + 36, -5*m + v = o. What is the units digit of m?
1
Suppose 0 = 4*k + k + 4690. What is the tens digit of (-13)/78 + k/(-12)?
7
Suppose 5*a - 3*u = -40, 4*a = u - 3*u - 54. Let v = a - -21. Suppose -5 = -5*k + v. What is the units digit of k?
3
Suppose 9*p = -10 + 1594. What is the units digit of p?
6
Let d = 52 + 109. Let p = d - 57. What is the hundreds digit of p?
1
Let t(l) = l**3 - 7*l**2 - l - 7. Let s be t(7). Let k(m) be the second derivative of -m**3/2 - m**2 + 5*m. What is the tens digit of k(s)?
4
Suppose 3*x + 349 = -0*c + 4*c, -3*x - 379 = 2*c. Let t = x + 187. What is the units digit of t?
4
Let h = -2 - 0. Let o(i) = -17*i - 1. Let n(p) = 51*p + 4. Let v(g) = 2*n(g) + 7*o(g). What is the units digit of v(h)?
5
What is the units digit of (16 + -1 + 2)*17?
9
Let z(d) = -270*d - 161. What is the hundreds digit of z(-7)?
7
Let z = -523 - -356. Let o = 18 - z. What is the tens digit of o?
8
Let h = -1210 + 3036. What is the units digit of h?
6
Suppose -2*s - 64 = -4*s - 4*h, -4*s + 80 = -4*h. What is the units digit of s*((-99)/(-12) - 5)?
8
Let c(w) = w**2 + 6*w + 1. Suppose -13 = 5*m + 22. Let t be c(m). What is the units digit of 6/(-2)*-1 + t?
1
Suppose -v - 3*d + 3 = -2, 0 = 3*v + 4*d - 15. Suppose v*h - 6*h + 97 = 0. What is the units digit of h?
7
Let x = 28 + -27. Let y = 29 + x. What is the units digit of y?
0
Let f be (-1)/(9/(-2) - -4). Let o(c) = 27*c - 6. What is the units digit of o(f)?
8
Let r(q) = -q**3 + 2*q**2 + 6*q - 7. Let f be r(3). Suppose 93 + 79 = 2*j + o, -4*o = -f*j + 152. What is the tens digit of j?
8
Let p(o) = 7*o - 1. Let c be (-2)/7 - 675/63. Let n = c + 12. What is the units digit of p(n)?
6
Let m(o) = 0 - o**2 - 5 + 16*o - 6 - 7. Let c be m(15). Let j = 18 + c. What is the units digit of j?
5
Let f = -19 + 22. Let t = -1 + f. Suppose 0*s = -t*l + 4*s + 6, l - 5*s + 6 = 0. What is the units digit of l?
9
Let m = 592 + 102. What is the units digit of m?
4
Let b(v) = -v**2 + 11*v - 1. Let k be b(10). Let x = k - -11. Suppose 5*z = -x, 5*l + 3*z = 158 - 10. What is the units digit of l?
2
Suppose 5*u = 4*l - 72, 0 = -5*u - 5*l - 0*l - 45. Let h(t) = -t**3 - 13*t**2 - 12*t + 11. What is the units digit of h(u)?
1
Let m = 13 + 8. Let d be 28/m*(-6)/(-4). Suppose d*q + 6 = q - 2*z, 5*z + 33 = 2*q. What is the units digit of q?
4
Let n be (-1 - (3 + -2))*-1. Suppose -4*r = 5*k - 116, 4*r + n*k - 58 = 46. Let h = 68 - r. What is the tens digit of h?
4
Suppose 7*h - 3*g = 3*h + 116, 0 = 2*h - 5*g - 44. What is the tens digit of h?
3
Let g(q) = -201*q - 22. Let n be g(-3). Suppose -n = -9*t - 194. What is the tens digit of t?
4
Suppose -23*j + 1607 + 1636 = 0. What is the tens digit of j?
4
Let l = -12 + 18. Let p(f) = 9*f - 5. Let a(m) = -m - 1. Let d(o) = 5*a(o) + p(o). What is the units digit of d(l)?
4
Suppose -t = t - 218. Suppose -4*g + v = -40 - 114, 3*g - 4*v = t. What is the tens digit of g?
3
Suppose -3*g + 1140 = -5*q + g, 2*q - 5*g + 473 = 0. What is the tens digit of q/42*(-9)/2?
2
Suppose 0 = 3*l + l - 12. Suppose -l*o - 2*z - z - 6 = 0, 2*o = -4*z - 10. What is the units digit of -7*o/2*-2?
7
Suppose -199 = 2*f - 15. Let k = 187 + f. What is the tens digit of k?
9
Suppose -2*s + 3 = -x, -2*s + 2 = -0*x - 2*x. Suppose -5*i = -4*g + 116, 0 = g - 3*i - 12 - 24. Suppose 2*y + s*y = g. What is the units digit of y?
6
Let v(k) = 66 - 53*k - 207 + 89. What is the hundreds digit of v(-5)?
2
Let v = 30 + -24. Let a(w) = 3*w**2 - 7*w - 4. What is the tens digit of a(v)?
6
Let y(v) be the first derivative of -77*v**4/4 + v**3 + v**2/2 - v + 30. What is the units digit of y(-1)?
8
Let z be (3*(-1)/2)/((-21)/4060). Let q = z + -163. What i